{"id":536,"date":"2022-03-22T14:39:42","date_gmt":"2022-03-22T14:39:42","guid":{"rendered":"https:\/\/marathonmallorca.es\/?page_id=536"},"modified":"2022-07-13T11:11:13","modified_gmt":"2022-07-13T11:11:13","slug":"recorregut-2","status":"publish","type":"page","link":"https:\/\/marathonmallorca.es\/?page_id=536","title":{"rendered":"Recorregut"},"content":{"rendered":"\n<p>La prova es desenvolupar\u00e0 amb tr\u00e0nsit tancat durant tot el recorregut.<\/p>\n\n\n\n<p>La sortida estar\u00e0 ubicada a l&#8217;Avinguda Antoni Maura.<\/p>\n\n\n\n<p>L&#8217;arribada estar\u00e0 ubicada al Parc de la Mar, davant de la Catedral<\/p>\n\n\n\n<p>Un cop donada la sortida, els atletes enfilaran el passeig mar\u00edtim en direcci\u00f3 porto pi. Un cop all\u00e0 es girar\u00e0 180 graus per continuar pel costat mar del passeig mar\u00edtim. En arribar a les avingudes es far\u00e0 un altre gir de 180 graus. A l&#8217;al\u00e7ada de l&#8217;avinguda d&#8217;Antoni Maura es girar\u00e0 per enfilar la l\u00ednia de meta al Parc de la Mar.<\/p>\n\n\n\n<p>Els corredors de la prova de mitja marat\u00f3 realitzaran un bucle al carrer Antoni Maura,  a les dues voltes.<\/p>\n\n\n\n<figure class=\"wp-block-gallery has-nested-images columns-default is-cropped wp-block-gallery-1 is-layout-flex wp-block-gallery-is-layout-flex\">\n<figure class=\"wp-block-image size-large\"><img loading=\"lazy\" decoding=\"async\" width=\"799\" height=\"398\" data-id=\"646\" src=\"https:\/\/marathonmallorca.es\/wp-content\/uploads\/2022\/07\/Captura-de-pantalla-2022-07-13-a-las-12.59.47.png\" alt=\"\" class=\"wp-image-646\" srcset=\"https:\/\/marathonmallorca.es\/wp-content\/uploads\/2022\/07\/Captura-de-pantalla-2022-07-13-a-las-12.59.47.png 799w, https:\/\/marathonmallorca.es\/wp-content\/uploads\/2022\/07\/Captura-de-pantalla-2022-07-13-a-las-12.59.47-300x149.png 300w, https:\/\/marathonmallorca.es\/wp-content\/uploads\/2022\/07\/Captura-de-pantalla-2022-07-13-a-las-12.59.47-768x383.png 768w\" sizes=\"auto, (max-width: 799px) 100vw, 799px\" \/><\/figure>\n<\/figure>\n","protected":false},"excerpt":{"rendered":"<p>La prova es desenvolupar\u00e0 amb tr\u00e0nsit tancat durant tot el recorregut. La sortida estar\u00e0 ubicada a l&#8217;Avinguda Antoni Maura. L&#8217;arribada estar\u00e0 ubicada al Parc de la Mar, davant de la [&hellip;]<\/p>\n","protected":false},"author":1,"featured_media":0,"parent":0,"menu_order":0,"comment_status":"closed","ping_status":"closed","template":"fullwidth.php","meta":{"_EventAllDay":false,"_EventTimezone":"","_EventStartDate":"","_EventEndDate":"","_EventStartDateUTC":"","_EventEndDateUTC":"","_EventShowMap":false,"_EventShowMapLink":false,"_EventURL":"","_EventCost":"","_EventCostDescription":"","_EventCurrencySymbol":"","_EventCurrencyCode":"","_EventCurrencyPosition":"","_EventDateTimeSeparator":"","_EventTimeRangeSeparator":"","_EventOrganizerID":[],"_EventVenueID":[],"_OrganizerEmail":"","_OrganizerPhone":"","_OrganizerWebsite":"","_VenueAddress":"","_VenueCity":"","_VenueCountry":"","_VenueProvince":"","_VenueState":"","_VenueZip":"","_VenuePhone":"","_VenueURL":"","_VenueStateProvince":"","_VenueLat":"","_VenueLng":"","_VenueShowMap":false,"_VenueShowMapLink":false,"footnotes":""},"class_list":["post-536","page","type-page","status-publish","hentry"],"_links":{"self":[{"href":"https:\/\/marathonmallorca.es\/index.php?rest_route=\/wp\/v2\/pages\/536","targetHints":{"allow":["GET"]}}],"collection":[{"href":"https:\/\/marathonmallorca.es\/index.php?rest_route=\/wp\/v2\/pages"}],"about":[{"href":"https:\/\/marathonmallorca.es\/index.php?rest_route=\/wp\/v2\/types\/page"}],"author":[{"embeddable":true,"href":"https:\/\/marathonmallorca.es\/index.php?rest_route=\/wp\/v2\/users\/1"}],"replies":[{"embeddable":true,"href":"https:\/\/marathonmallorca.es\/index.php?rest_route=%2Fwp%2Fv2%2Fcomments&post=536"}],"version-history":[{"count":2,"href":"https:\/\/marathonmallorca.es\/index.php?rest_route=\/wp\/v2\/pages\/536\/revisions"}],"predecessor-version":[{"id":648,"href":"https:\/\/marathonmallorca.es\/index.php?rest_route=\/wp\/v2\/pages\/536\/revisions\/648"}],"wp:attachment":[{"href":"https:\/\/marathonmallorca.es\/index.php?rest_route=%2Fwp%2Fv2%2Fmedia&parent=536"}],"curies":[{"name":"wp","href":"https:\/\/api.w.org\/{rel}","templated":true}]}}

<p>La prova es desenvoluparà amb trànsit tancat durant tot el recorregut.</p>



<p>La sortida estarà ubicada a l&#8217;Avinguda Antoni Maura.</p>



<p>L&#8217;arribada estarà ubicada al Parc de la Mar, davant de la Catedral</p>



<p>Un cop donada la sortida, els atletes enfilaran el passeig marítim en direcció porto pi. Un cop allà es girarà 180 graus per continuar pel costat mar del passeig marítim. En arribar a les avingudes es farà un altre gir de 180 graus. A l&#8217;alçada de l&#8217;avinguda d&#8217;Antoni Maura es girarà per enfilar la línia de meta al Parc de la Mar.</p>



<p>Els corredors de la prova de mitja marató realitzaran un bucle al carrer Antoni Maura,  a les dues voltes.</p>



<figure class="wp-block-gallery has-nested-images columns-default is-cropped wp-block-gallery-1 is-layout-flex wp-block-gallery-is-layout-flex">
<figure class="wp-block-image size-large"><img loading="lazy" decoding="async" width="799" height="398" data-id="646" src="https://marathonmallorca.es/wp-content/uploads/2022/07/Captura-de-pantalla-2022-07-13-a-las-12.59.47.png" alt="" class="wp-image-646" srcset="https://marathonmallorca.es/wp-content/uploads/2022/07/Captura-de-pantalla-2022-07-13-a-las-12.59.47.png 799w, https://marathonmallorca.es/wp-content/uploads/2022/07/Captura-de-pantalla-2022-07-13-a-las-12.59.47-300x149.png 300w, https://marathonmallorca.es/wp-content/uploads/2022/07/Captura-de-pantalla-2022-07-13-a-las-12.59.47-768x383.png 768w" sizes="auto, (max-width: 799px) 100vw, 799px" /></figure>
</figure>

<p>La prova es desenvoluparà amb trànsit tancat durant tot el recorregut. La sortida estarà ubicada a l&#8217;Avinguda Antoni Maura. L&#8217;arribada estarà ubicada al Parc de la Mar, davant de la [&hellip;]</p>
