{"id":574,"date":"2022-03-24T06:46:56","date_gmt":"2022-03-24T06:46:56","guid":{"rendered":"https:\/\/marathonmallorca.es\/?page_id=574"},"modified":"2022-03-24T08:22:30","modified_gmt":"2022-03-24T08:22:30","slug":"club-marathon-mallorca-2","status":"publish","type":"page","link":"https:\/\/marathonmallorca.es\/?page_id=574","title":{"rendered":"CLUB MARATHON MALLORCA"},"content":{"rendered":"\n<p><strong>FUNDACI\u00d3N, OR\u00cdGENES Y TRAYECTORIA<\/strong><\/p>\n\n\n\n<p>Un mat\u00ed d\u00b4un 12 d\u00b4octubre de 1990, un grup d\u00b4atletes del Club Costa de Calvi\u00e0, est\u00e0vem a punt de prendre la sortida d\u00b4una cursa molt popular per aquells dies, la INCA-LLUC, una prova d\u00b4uns 17&#8217;5 kms, molt dura, que ja hav\u00edem disputat altres anys i que com altres vegades aprofit\u00e0vem a m\u00e9s per despr\u00e9s de la cursa quedar-nos al Monestir per fer una torrada amb els nostres companys, amics i familiars.<\/p>\n\n\n\n<p>Aquest any va ser la darrera edici\u00f3 que es va celebrar i que va tenir com a guanyador Fernando Romero, a m\u00e9s amb r\u00e8cord de la prova: 1 h. 00 min. 25 seg., ens va posar a tots en fila a partir que van comen\u00e7ar les costes despr\u00e9s de passar per Caimari.<\/p>\n\n\n\n<p>En acabar la prova, tal com ten\u00edem programat ens vam reunir darrere del Monestir en una esplanada i vam exposar sobre el terreny la nostra preocupaci\u00f3, el Club Costa de Calvi\u00e0 havia realitzat la seva presentaci\u00f3 i de manera unilateral va decidir prescindir o eliminar la secci\u00f3 de marat\u00f3, ja que havien arribat t\u00e8cnics nous procedents d&#8217;altres clubs i consideraven que els maratonians eren \u201cuns mataos\u201d (descripci\u00f3 literal expressada pel director t\u00e8cnic) i no servien per al nou projecte de club, el que volgu\u00e9s treure fitxa que la tragu\u00e9s, per\u00f2 que no comptaven per res amb nosaltres.<\/p>\n\n\n\n<p>Nosaltres ens considerem exclosos, parlem de fer, uns quants van proposar seguir amb llic\u00e8ncia al club, altres crear un club nou i algun va proposar marxar a un altre club ja creat, al final, vam acordar proposar Juan Ramis, que per aquells dies era atleta company nostre del Club Costa de Calvi\u00e0 i empresari, que si es veia amb capacitat per patrocinar un nou club d&#8217;atletisme, nosaltres est\u00e0vem disposats a crear un club d&#8217;atletes especialment maratonians i fondistes, encara que sense limitacions a l&#8217;hora que cadasc\u00fa pogu\u00e9s fer all\u00f2 que desitgi, o sigui sense obligacions ni limitacions i que es pogu\u00e9s actuar amb total llibertat.<\/p>\n\n\n\n<p>Juan Ramis, no ho va dubtar ni un moment, ens va dir que s\u00ed ia partir d&#8217;aquell moment ens vam posar en marxa amb el tema burocr\u00e0tic, ja que per les dates en qu\u00e8 ens mov\u00edem, la temporada estava a punt de finalitzar i calia tramitar papers , llic\u00e8ncies i altres, de cara a la posada en marxa del club en temps i termini per iniciar la nova temporada, pel fet que molts ten\u00edem llic\u00e8ncia amb l&#8217;anterior club.<\/p>\n\n\n\n<p>Aix\u00ed doncs, vam anar al notari per obrir l&#8217;acta de fundaci\u00f3 del CLUB MARATHON TRANSPORTES RAMIS-SASTRE, ia primers de novembre de l&#8217;any 1990 ja vam comen\u00e7ar a participar en proves amb el nom del nostre nou club, vam tramitar les nostres primeres llic\u00e8ncies i vam comprar les nostres equipacions ja c\u00f3rrer.<\/p>\n\n\n\n<p>El llistat d&#8217;aquells primers atletes fundadors \u00e9s el seg\u00fcent: Juan Ramis (president), Fernando Romero (vocal), Manuel Gago (vocal), Pedro Serra (vocal), Bartolom\u00e9 Quetglas, Miguel Angel Huelmo, Francisco Jim\u00e9nez (vocal), Crist\u00f3bal Espada (vocal), Juan Rodado, Francisco Soler i Baldomero Oliver (tresorer). A m\u00e9s dels atletes tamb\u00e9 van actuar com a socis fundadors: Lorenzo Sastre (vicepresident) i Karin Falck (secret\u00e0ria).<\/p>\n\n\n\n<p>Vam passar la nostra primera temporada participant en un munt de proves de fons a l&#8217;illa, ja al mes de novembre uns quants ens vam despla\u00e7ar a la Marat\u00f3 de la Vall del Nal\u00f3n, ia l&#8217;abril del 1991 ens vam plantar al Marathon de Rotterdam i alguna cursa m\u00e9s fora de l&#8217;illa ia partir d&#8217;aquest inici, aquesta va ser la constant del club de cara a temporades futures, participar i programar sortides a maratons o proves nacionals i internacionals.<\/p>\n\n\n\n<p>A la segona temporada el club va passar a tenir inscrits a 23 atletes, a la tercera a 51 i aix\u00ed successivament vam anar creixent fins arribar a tenir en una temporada a 165 atletes inscrits, fins a convertir-nos en el club m\u00e9s important de Balears durant m\u00e9s d&#8217;una d\u00e8cada a l&#8217;apartat de fons i cross, aconseguint el nostre millor \u00e8xit en classificar-nos al Campionat d&#8217;Espanya Absolut de Clubs de Cross a la 7a posici\u00f3 d&#8217;un total de 51 clubs participants, la millor classificaci\u00f3 aconseguida mai per un club de Balears en un campionat d\u00b4Espanya de cros. Els atletes que van formar l?equip aquell dia van ser: Toni Pe\u00f1a, Toni Lupi\u00e1\u00f1ez, Jhonny Ouriaglhi i Manuel Pic\u00f3.<\/p>\n\n\n\n<p>A la segona temporada d&#8217;exist\u00e8ncia del Club comencem a organitzar proves d&#8217;atletisme de fons en ruta i ens atrevim a amb la primera edici\u00f3 de la MITJANA MARAT\u00d3 TRANSPORTS RAMIS-SASTRE de la que properament complirem amb la 28 edici\u00f3, en aquesta ocasi\u00f3 amb el nom de CIUTAT DE PALMA.<\/p>\n\n\n\n<p>Durant tots aquests anys hem organitzat directament com a club infinitat de proves de ruta, cross i de pista: Mitja Marat\u00f3 Ciutat de Palma, Mitja Marat\u00f3 Palma-Calvi\u00e0, Cros de les Illes Malgrats, Meeting d&#8217;Atletisme de les Illes Balears, Cursa del Pla de Na Tesa, Cursa de l&#8217;Estandard; i hem col\u00b7laborat amb institucions, municipis i federacions en l&#8217;organitzaci\u00f3 d&#8217;altres proves, com: Marat\u00f3 de Calvi\u00e0, Campionat d&#8217;Espanya de Mitja Marat\u00f3 Absolut, Campionat del M\u00f3n Absolut i per Nacions de Mitja Marat\u00f3 del 1998, Universiada Palma &#8217;99, diversos Campionats de Balears de Cross Absolut i de Clubs, mitges maratons (Manacor, Menorca, Cala Ratjada, Pobles del Nord de la Ciutat de Palma, etc.), TUI Marathon Palma de Mallorca, 10 Kms. Divina Pastora, etc.<\/p>\n\n\n\n<p>Han passat moltes temporades i pel nostre club han desfilat centenars d&#8217;atletes de les nostres illes i de fora, uns amb m\u00e9s o menys qualitat atl\u00e8tica o condicions f\u00edsiques, amb millors resultats esportius, que seria llargu\u00edssim nomenar-los a tots, i injust decidir qui mereix estar o no en aquest llistat, a l&#8217;apartat d&#8217;atletes podreu veure els que han estat els que han pertangut al Club i pel seu historial tindreu una refer\u00e8ncia de la seva qualitat, molts amb marques i r\u00e8cords nacionals o auton\u00f2miques encara vigents.<\/p>\n\n\n\n<p>No volem anomenar o personalitzar ning\u00fa per la seva qualitat atl\u00e8tica, encara que n&#8217;hi ha i hi ha hagut, molt bons, per\u00f2 sobretot han estat en l\u00ednies generals grans persones i molt bons amics, amb els que hem compartit viv\u00e8ncies, vicissituds, pensaments i sobretot ganes de viure i viure sanament l&#8217;esport de l&#8217;atletisme i la vida.<\/p>\n\n\n\n<p>Nom\u00e9s anomenarem en aquest escrit d&#8217;introducci\u00f3 la nostra p\u00e0gina web, els atletes, els amics que ja no poden estar amb nosaltres, que malauradament ja no ens acompanyaran en el recorregut dels dies que ens ofereixi la vida.<\/p>\n\n\n\n<p>Una tarda d&#8217;agost de l&#8217;any 2002, en un fatal accident de bici a la carretera ens va deixar Francisco Soriano Freniche, un tros de gran cor, un amant de la vida, de la salut i del bon humor, va deixar de c\u00f3rrer per culpa d&#8217;uns esperons calcanis i va agafar la bici fins que pogu\u00e9s tornar a c\u00f3rrer, aquell dia no va arribar mai, ja que un cotxe se&#8217;l va travessar a la carretera de S\u00f3ller i ens el va treure per sempre.<\/p>\n\n\n\n<p>M\u00e9s tard, el nostre company Javier Mayol Bauz\u00e1, tot bondat i correcci\u00f3, maratoni\u00e0 popular, al cap de pocs mesos d&#8217;haver acabat una marat\u00f3 de Calvi\u00e0, ens despertem amb la seva desaparici\u00f3 despr\u00e9s d&#8217;una r\u00e0pida i imparable cruel malaltia.<\/p>\n\n\n\n<p>I l&#8217;any 2010, al final del mes d&#8217;abril ens va pujar al cel i no va tornar, tot un gegant de l&#8217;esport, Tolo Calafat Marcus, un gran tipus, aquest tipus de gent irrepetible, que et pots donar per sort si algun dia aconsegueixes con\u00e8ixer alg\u00fa com ell, sempre disposat a col\u00b7laborar, a donar-te un cop de m\u00e0 en el que fos, no et demanava res, m\u00e9s aviat es donava a tot, passava de puntetes, no es feia notar, va col\u00b7laborar amb nosaltres al muntatge ia l&#8217;organitzaci\u00f3 de totes les proves, feia f\u00e0cil qualsevol repte i no hi havia res impossible; encara que sabem que no tornar\u00e0, tenim la sensaci\u00f3 que un dia pot ser que aparegui per estar amb nosaltres.<\/p>\n\n\n\n<p>I tamb\u00e9 lamentablement una nit del 21 d&#8217;octubre del 2015, la nostra secret\u00e0ria, fundadora i amiga Karin Falck, d&#8217;una forma fulminant i imprevisible ens va deixar d&#8217;acompanyar, se&#8217;ns va escapar el nostre comod\u00ed, la noia que ens solucionava tots els problemes de gesti\u00f3, de interpretaci\u00f3, tota entrega als altres, una persona incansable, amb ella se&#8217;n va anar la seva bondat, el seu somriure i una molt especial manera de ser que va fer que tots els que s&#8217;hi van acostar la volguessin.<\/p>\n\n\n\n<p>El nostre Club va passar a denominar-se per q\u00fcestions comercials i de patrocini CLUB MARATHON HERMES LOG\u00cdSTICA i m\u00e9s tard CLUB MARATHON MALLORCA \u2013 TONI PENYA, despr\u00e9s C.M. BIKILA MALLORCA \u2013 TONI PENYA, i tornar al nom que hem mantingut sempre fins avui de CLUB MARATHON MALLORCA.<\/p>\n\n\n\n<p>Del nostre Club al llarg de tots aquests anys han sortit o s&#8217;han format, per uns motius o altres, una gran quantitat de clubs d&#8217;atletisme, que ha tingut m\u00e9s o menys recorregut, o protagonisme en l&#8217;atletisme balear: Club Marathon Portixol , Club Ada Calvi\u00e0, CA Montuiri, C.A. Menorca-Xtrem, Companys de Manacor, amb els quals hem mantingut molt bones relacions i hem compartit en alguns casos, les ajudes necess\u00e0ries per assolir els objectius marcats d&#8217;organitzaci\u00f3 de proves o col\u00b7laboraci\u00f3 en la participaci\u00f3 a competicions.<\/p>\n\n\n\n<p>El CLUB MARATHON MALLORCA, seguir\u00e0 el seu recorregut en aquesta propera temporada com fins ara ho ha fet, intentant adaptar-se als temps i marcar-se objectius realitzables, donant total llibertat a tots els seus atletes i associats per organitzar-se i programar-se els seus reptes, per sobre de tot , preservant el dret que cadasc\u00fa faci esport-salut-lleure segons les seves disponibilitats, tant econ\u00f2miques, com de temps o d&#8217;obligacions familiars o laborals.<\/p>\n\n\n\n<p>Per sobre de tot, desitgem que tots els que vulgueu compartir aquest hobby amb nosaltres, us ho passeu el millor possible i estigueu en aquest Club per amistat principalment i perqu\u00e8 amb nosaltres trobeu un gran grup hum\u00e0 amb qui compartir aquestes hores d&#8217;entrenament i la comunicaci\u00f3 d&#8217;aquelles viv\u00e8ncies que fan que el nostre dia a dia sigui diferent.<\/p>\n\n\n\n<p>Amics, un any m\u00e9s, que les lesions us respectin i que pugueu aconseguir els vostres objectius!!!<\/p>\n\n\n\n<p>CLUB MARATHON MALLORCA!!!<\/p>\n","protected":false},"excerpt":{"rendered":"<p>FUNDACI\u00d3N, OR\u00cdGENES Y TRAYECTORIA Un mat\u00ed d\u00b4un 12 d\u00b4octubre de 1990, un grup d\u00b4atletes del Club Costa de Calvi\u00e0, est\u00e0vem a punt de prendre la sortida d\u00b4una cursa molt popular [&hellip;]<\/p>\n","protected":false},"author":1,"featured_media":0,"parent":0,"menu_order":0,"comment_status":"closed","ping_status":"closed","template":"fullwidth.php","meta":{"_EventAllDay":false,"_EventTimezone":"","_EventStartDate":"","_EventEndDate":"","_EventStartDateUTC":"","_EventEndDateUTC":"","_EventShowMap":false,"_EventShowMapLink":false,"_EventURL":"","_EventCost":"","_EventCostDescription":"","_EventCurrencySymbol":"","_EventCurrencyCode":"","_EventCurrencyPosition":"","_EventDateTimeSeparator":"","_EventTimeRangeSeparator":"","_EventOrganizerID":[],"_EventVenueID":[],"_OrganizerEmail":"","_OrganizerPhone":"","_OrganizerWebsite":"","_VenueAddress":"","_VenueCity":"","_VenueCountry":"","_VenueProvince":"","_VenueState":"","_VenueZip":"","_VenuePhone":"","_VenueURL":"","_VenueStateProvince":"","_VenueLat":"","_VenueLng":"","_VenueShowMap":false,"_VenueShowMapLink":false,"footnotes":""},"class_list":["post-574","page","type-page","status-publish","hentry"],"_links":{"self":[{"href":"https:\/\/marathonmallorca.es\/index.php?rest_route=\/wp\/v2\/pages\/574","targetHints":{"allow":["GET"]}}],"collection":[{"href":"https:\/\/marathonmallorca.es\/index.php?rest_route=\/wp\/v2\/pages"}],"about":[{"href":"https:\/\/marathonmallorca.es\/index.php?rest_route=\/wp\/v2\/types\/page"}],"author":[{"embeddable":true,"href":"https:\/\/marathonmallorca.es\/index.php?rest_route=\/wp\/v2\/users\/1"}],"replies":[{"embeddable":true,"href":"https:\/\/marathonmallorca.es\/index.php?rest_route=%2Fwp%2Fv2%2Fcomments&post=574"}],"version-history":[{"count":2,"href":"https:\/\/marathonmallorca.es\/index.php?rest_route=\/wp\/v2\/pages\/574\/revisions"}],"predecessor-version":[{"id":591,"href":"https:\/\/marathonmallorca.es\/index.php?rest_route=\/wp\/v2\/pages\/574\/revisions\/591"}],"wp:attachment":[{"href":"https:\/\/marathonmallorca.es\/index.php?rest_route=%2Fwp%2Fv2%2Fmedia&parent=574"}],"curies":[{"name":"wp","href":"https:\/\/api.w.org\/{rel}","templated":true}]}}

<p><strong>FUNDACIÓN, ORÍGENES Y TRAYECTORIA</strong></p>



<p>Un matí d´un 12 d´octubre de 1990, un grup d´atletes del Club Costa de Calvià, estàvem a punt de prendre la sortida d´una cursa molt popular per aquells dies, la INCA-LLUC, una prova d´uns 17&#8217;5 kms, molt dura, que ja havíem disputat altres anys i que com altres vegades aprofitàvem a més per després de la cursa quedar-nos al Monestir per fer una torrada amb els nostres companys, amics i familiars.</p>



<p>Aquest any va ser la darrera edició que es va celebrar i que va tenir com a guanyador Fernando Romero, a més amb rècord de la prova: 1 h. 00 min. 25 seg., ens va posar a tots en fila a partir que van començar les costes després de passar per Caimari.</p>



<p>En acabar la prova, tal com teníem programat ens vam reunir darrere del Monestir en una esplanada i vam exposar sobre el terreny la nostra preocupació, el Club Costa de Calvià havia realitzat la seva presentació i de manera unilateral va decidir prescindir o eliminar la secció de marató, ja que havien arribat tècnics nous procedents d&#8217;altres clubs i consideraven que els maratonians eren “uns mataos” (descripció literal expressada pel director tècnic) i no servien per al nou projecte de club, el que volgués treure fitxa que la tragués, però que no comptaven per res amb nosaltres.</p>



<p>Nosaltres ens considerem exclosos, parlem de fer, uns quants van proposar seguir amb llicència al club, altres crear un club nou i algun va proposar marxar a un altre club ja creat, al final, vam acordar proposar Juan Ramis, que per aquells dies era atleta company nostre del Club Costa de Calvià i empresari, que si es veia amb capacitat per patrocinar un nou club d&#8217;atletisme, nosaltres estàvem disposats a crear un club d&#8217;atletes especialment maratonians i fondistes, encara que sense limitacions a l&#8217;hora que cadascú pogués fer allò que desitgi, o sigui sense obligacions ni limitacions i que es pogués actuar amb total llibertat.</p>



<p>Juan Ramis, no ho va dubtar ni un moment, ens va dir que sí ia partir d&#8217;aquell moment ens vam posar en marxa amb el tema burocràtic, ja que per les dates en què ens movíem, la temporada estava a punt de finalitzar i calia tramitar papers , llicències i altres, de cara a la posada en marxa del club en temps i termini per iniciar la nova temporada, pel fet que molts teníem llicència amb l&#8217;anterior club.</p>



<p>Així doncs, vam anar al notari per obrir l&#8217;acta de fundació del CLUB MARATHON TRANSPORTES RAMIS-SASTRE, ia primers de novembre de l&#8217;any 1990 ja vam començar a participar en proves amb el nom del nostre nou club, vam tramitar les nostres primeres llicències i vam comprar les nostres equipacions ja córrer.</p>



<p>El llistat d&#8217;aquells primers atletes fundadors és el següent: Juan Ramis (president), Fernando Romero (vocal), Manuel Gago (vocal), Pedro Serra (vocal), Bartolomé Quetglas, Miguel Angel Huelmo, Francisco Jiménez (vocal), Cristóbal Espada (vocal), Juan Rodado, Francisco Soler i Baldomero Oliver (tresorer). A més dels atletes també van actuar com a socis fundadors: Lorenzo Sastre (vicepresident) i Karin Falck (secretària).</p>



<p>Vam passar la nostra primera temporada participant en un munt de proves de fons a l&#8217;illa, ja al mes de novembre uns quants ens vam desplaçar a la Marató de la Vall del Nalón, ia l&#8217;abril del 1991 ens vam plantar al Marathon de Rotterdam i alguna cursa més fora de l&#8217;illa ia partir d&#8217;aquest inici, aquesta va ser la constant del club de cara a temporades futures, participar i programar sortides a maratons o proves nacionals i internacionals.</p>



<p>A la segona temporada el club va passar a tenir inscrits a 23 atletes, a la tercera a 51 i així successivament vam anar creixent fins arribar a tenir en una temporada a 165 atletes inscrits, fins a convertir-nos en el club més important de Balears durant més d&#8217;una dècada a l&#8217;apartat de fons i cross, aconseguint el nostre millor èxit en classificar-nos al Campionat d&#8217;Espanya Absolut de Clubs de Cross a la 7a posició d&#8217;un total de 51 clubs participants, la millor classificació aconseguida mai per un club de Balears en un campionat d´Espanya de cros. Els atletes que van formar l?equip aquell dia van ser: Toni Peña, Toni Lupiáñez, Jhonny Ouriaglhi i Manuel Picó.</p>



<p>A la segona temporada d&#8217;existència del Club comencem a organitzar proves d&#8217;atletisme de fons en ruta i ens atrevim a amb la primera edició de la MITJANA MARATÓ TRANSPORTS RAMIS-SASTRE de la que properament complirem amb la 28 edició, en aquesta ocasió amb el nom de CIUTAT DE PALMA.</p>



<p>Durant tots aquests anys hem organitzat directament com a club infinitat de proves de ruta, cross i de pista: Mitja Marató Ciutat de Palma, Mitja Marató Palma-Calvià, Cros de les Illes Malgrats, Meeting d&#8217;Atletisme de les Illes Balears, Cursa del Pla de Na Tesa, Cursa de l&#8217;Estandard; i hem col·laborat amb institucions, municipis i federacions en l&#8217;organització d&#8217;altres proves, com: Marató de Calvià, Campionat d&#8217;Espanya de Mitja Marató Absolut, Campionat del Món Absolut i per Nacions de Mitja Marató del 1998, Universiada Palma &#8217;99, diversos Campionats de Balears de Cross Absolut i de Clubs, mitges maratons (Manacor, Menorca, Cala Ratjada, Pobles del Nord de la Ciutat de Palma, etc.), TUI Marathon Palma de Mallorca, 10 Kms. Divina Pastora, etc.</p>



<p>Han passat moltes temporades i pel nostre club han desfilat centenars d&#8217;atletes de les nostres illes i de fora, uns amb més o menys qualitat atlètica o condicions físiques, amb millors resultats esportius, que seria llarguíssim nomenar-los a tots, i injust decidir qui mereix estar o no en aquest llistat, a l&#8217;apartat d&#8217;atletes podreu veure els que han estat els que han pertangut al Club i pel seu historial tindreu una referència de la seva qualitat, molts amb marques i rècords nacionals o autonòmiques encara vigents.</p>



<p>No volem anomenar o personalitzar ningú per la seva qualitat atlètica, encara que n&#8217;hi ha i hi ha hagut, molt bons, però sobretot han estat en línies generals grans persones i molt bons amics, amb els que hem compartit vivències, vicissituds, pensaments i sobretot ganes de viure i viure sanament l&#8217;esport de l&#8217;atletisme i la vida.</p>



<p>Només anomenarem en aquest escrit d&#8217;introducció la nostra pàgina web, els atletes, els amics que ja no poden estar amb nosaltres, que malauradament ja no ens acompanyaran en el recorregut dels dies que ens ofereixi la vida.</p>



<p>Una tarda d&#8217;agost de l&#8217;any 2002, en un fatal accident de bici a la carretera ens va deixar Francisco Soriano Freniche, un tros de gran cor, un amant de la vida, de la salut i del bon humor, va deixar de córrer per culpa d&#8217;uns esperons calcanis i va agafar la bici fins que pogués tornar a córrer, aquell dia no va arribar mai, ja que un cotxe se&#8217;l va travessar a la carretera de Sóller i ens el va treure per sempre.</p>



<p>Més tard, el nostre company Javier Mayol Bauzá, tot bondat i correcció, maratonià popular, al cap de pocs mesos d&#8217;haver acabat una marató de Calvià, ens despertem amb la seva desaparició després d&#8217;una ràpida i imparable cruel malaltia.</p>



<p>I l&#8217;any 2010, al final del mes d&#8217;abril ens va pujar al cel i no va tornar, tot un gegant de l&#8217;esport, Tolo Calafat Marcus, un gran tipus, aquest tipus de gent irrepetible, que et pots donar per sort si algun dia aconsegueixes conèixer algú com ell, sempre disposat a col·laborar, a donar-te un cop de mà en el que fos, no et demanava res, més aviat es donava a tot, passava de puntetes, no es feia notar, va col·laborar amb nosaltres al muntatge ia l&#8217;organització de totes les proves, feia fàcil qualsevol repte i no hi havia res impossible; encara que sabem que no tornarà, tenim la sensació que un dia pot ser que aparegui per estar amb nosaltres.</p>



<p>I també lamentablement una nit del 21 d&#8217;octubre del 2015, la nostra secretària, fundadora i amiga Karin Falck, d&#8217;una forma fulminant i imprevisible ens va deixar d&#8217;acompanyar, se&#8217;ns va escapar el nostre comodí, la noia que ens solucionava tots els problemes de gestió, de interpretació, tota entrega als altres, una persona incansable, amb ella se&#8217;n va anar la seva bondat, el seu somriure i una molt especial manera de ser que va fer que tots els que s&#8217;hi van acostar la volguessin.</p>



<p>El nostre Club va passar a denominar-se per qüestions comercials i de patrocini CLUB MARATHON HERMES LOGÍSTICA i més tard CLUB MARATHON MALLORCA – TONI PENYA, després C.M. BIKILA MALLORCA – TONI PENYA, i tornar al nom que hem mantingut sempre fins avui de CLUB MARATHON MALLORCA.</p>



<p>Del nostre Club al llarg de tots aquests anys han sortit o s&#8217;han format, per uns motius o altres, una gran quantitat de clubs d&#8217;atletisme, que ha tingut més o menys recorregut, o protagonisme en l&#8217;atletisme balear: Club Marathon Portixol , Club Ada Calvià, CA Montuiri, C.A. Menorca-Xtrem, Companys de Manacor, amb els quals hem mantingut molt bones relacions i hem compartit en alguns casos, les ajudes necessàries per assolir els objectius marcats d&#8217;organització de proves o col·laboració en la participació a competicions.</p>



<p>El CLUB MARATHON MALLORCA, seguirà el seu recorregut en aquesta propera temporada com fins ara ho ha fet, intentant adaptar-se als temps i marcar-se objectius realitzables, donant total llibertat a tots els seus atletes i associats per organitzar-se i programar-se els seus reptes, per sobre de tot , preservant el dret que cadascú faci esport-salut-lleure segons les seves disponibilitats, tant econòmiques, com de temps o d&#8217;obligacions familiars o laborals.</p>



<p>Per sobre de tot, desitgem que tots els que vulgueu compartir aquest hobby amb nosaltres, us ho passeu el millor possible i estigueu en aquest Club per amistat principalment i perquè amb nosaltres trobeu un gran grup humà amb qui compartir aquestes hores d&#8217;entrenament i la comunicació d&#8217;aquelles vivències que fan que el nostre dia a dia sigui diferent.</p>



<p>Amics, un any més, que les lesions us respectin i que pugueu aconseguir els vostres objectius!!!</p>



<p>CLUB MARATHON MALLORCA!!!</p>

<p>FUNDACIÓN, ORÍGENES Y TRAYECTORIA Un matí d´un 12 d´octubre de 1990, un grup d´atletes del Club Costa de Calvià, estàvem a punt de prendre la sortida d´una cursa molt popular [&hellip;]</p>
