{"id":594,"date":"2022-03-24T08:37:04","date_gmt":"2022-03-24T08:37:04","guid":{"rendered":"https:\/\/marathonmallorca.es\/?page_id=594"},"modified":"2025-06-18T06:13:33","modified_gmt":"2025-06-18T06:13:33","slug":"reglament-10-km","status":"publish","type":"page","link":"https:\/\/marathonmallorca.es\/?page_id=594","title":{"rendered":"Reglament 10 km"},"content":{"rendered":"\n<figure class=\"wp-block-image aligncenter size-medium\"><img loading=\"lazy\" decoding=\"async\" width=\"240\" height=\"300\" src=\"https:\/\/marathonmallorca.es\/wp-content\/uploads\/2025\/06\/Marathon-2-240x300.png\" alt=\"\" class=\"wp-image-971\" srcset=\"https:\/\/marathonmallorca.es\/wp-content\/uploads\/2025\/06\/Marathon-2-240x300.png 240w, https:\/\/marathonmallorca.es\/wp-content\/uploads\/2025\/06\/Marathon-2-819x1024.png 819w, https:\/\/marathonmallorca.es\/wp-content\/uploads\/2025\/06\/Marathon-2-768x960.png 768w, https:\/\/marathonmallorca.es\/wp-content\/uploads\/2025\/06\/Marathon-2.png 1080w\" sizes=\"auto, (max-width: 240px) 100vw, 240px\" \/><\/figure>\n\n\n\n<p><strong>Sortida :<\/strong> 9h Av. Adolfo Su\u00e1rez-Parc de la Mar de Palma de Mallorca davant la catedral<\/p>\n\n\n\n<p><strong>Arribada :<\/strong> Parc de la Mar, en front a la Catedral. <\/p>\n\n\n\n<p><strong>Recorregut<\/strong>: Tancat al tr\u00e0nsit pel Passeig Mar\u00edtim, Passeig Sagrera, Autovia de Llevant (una sola volta).<\/p>\n\n\n\n<p><strong>Avituallaments<\/strong>: Aigua a Kms. 4-7 i en arribada.<\/p>\n\n\n\n<p><strong>Temps L\u00edmit<\/strong>: 1 hora 15 minuts, a partir d aquest temps, es tancar\u00e0 el control.<\/p>\n\n\n\n<p><strong>Edat m\u00ednima<\/strong>: 18 anys complerts el dia de la prova. Els atletes m\u00e9s grans de 16 anys que tinguin autoritzaci\u00f3 paterna o tutelar, tamb\u00e9 podran prendre part de la competici\u00f3.<\/p>\n\n\n\n<p><strong>Guardarropa<\/strong>: En sortida i arribada, hi haur\u00e0 servei guarda-roba que tingui cura de les pertinences dels atletes<\/p>\n\n\n\n<p><strong>Control i resultats<\/strong>: Es realitzar\u00e0 mitjan\u00e7ant el sistema ChampionsChip per \u201cElitechip\u201d.<\/p>\n\n\n\n<p><strong>Reclamacions<\/strong>: Es cursaran al director de la prova per escrit, dins dels 30 minuts posteriors de notificar-se els resultats.<\/p>\n\n\n\n<p><strong>Classificacions<\/strong>: Hi haur\u00e0 una sola classificaci\u00f3 general absoluta i per categories, masculina i femenina, segons la normativa de la FAIB.<\/p>\n\n\n\n<p><strong>Obsequis<\/strong>: En retirar el dorsal cada atleta rebr\u00e0 una bossa amb regals i en entrar a meta rebran un obsequi commemoratiu de la cursa<\/p>\n\n\n\n<p><strong>Metge Carrera<\/strong>: Hi haur\u00e0 un Metge de Carrera, responsable dels serveis m\u00e8dics.<\/p>\n\n\n\n<p>Tots els participants amb problemes f\u00edsics, respiratoris, al\u00b7l\u00e8rgies, etc., que requereixin atencions especials, hauran de fer-la saber a l&#8217;Organitzaci\u00f3 abans d&#8217;iniciar la competici\u00f3, fent-ne refer\u00e8ncia al tramitar-la inscripci\u00f3, i el dia de la competici\u00f3 faran const\u00e0ncia escrita a la part posterior del dorsal, del problema m\u00e8dic espec\u00edfic.<\/p>\n\n\n\n<p>Els atletes m\u00e9s grans de 40 anys han de disposar d&#8217;un certificat m\u00e8dic que n&#8217;acrediti l&#8217;aptitud f\u00edsica.<\/p>\n\n\n\n<p><strong>Ambul\u00e0ncies<\/strong>: Hi haur\u00e0 un servei d&#8217;ambul\u00e0ncies a la sortida i arribada i en diversos punts del recorregut.<\/p>\n\n\n\n<p><strong>Asseguran\u00e7a Carrera<\/strong>: Els participants estan coberts per una p\u00f2lissa d&#8217;assegurances d&#8217;accidents i de responsabilitat civil, que cobrir\u00e0 el tractament de les lesions que es produeixin els atletes, com a conseq\u00fc\u00e8ncia directa del desenvolupament de la prova, i mai com a derivaci\u00f3 d&#8217;un patiment o tara latent, imprud\u00e8ncia, neglig\u00e8ncia, inobservan\u00e7a de les lleis i de les normes establertes per l&#8217;Organitzaci\u00f3, o pels danys produ\u00efts als despla\u00e7aments al lloc on es desenvolupa la prova, o d&#8217;aquest a la resid\u00e8ncia dels atletes.<\/p>\n\n\n\n<p><strong>Seguretat Carrera<\/strong>: Policia Local de Palma, Policia del Port de Palma i l&#8217;Organitzaci\u00f3, s\u00f3n els encarregats de la seguretat de la carrera, els atletes obeiran totes les indicacions que rebin de les persones encarregades de la seva seguretat.<\/p>\n\n\n\n<p><strong>CONDICIONS GENERALS<\/strong><\/p>\n\n\n\n<p>El fet d&#8217;inscriure&#8217;s i prendre part a la prova implica la total acceptaci\u00f3 de les presents normes; aix\u00ed com altres disposicions que per qualsevol causa pogu\u00e9s prendre en el seu moment l&#8217;Organitzaci\u00f3.<\/p>\n\n\n\n<p>L&#8217;Organitzaci\u00f3 es reserva la facultat de desqualificar o expulsar de la competici\u00f3 els atletes; que falsifiquin<br>dades sobre la seva personalitat, no completin el recorregut, tinguin una actitud antiesportiva amb altres participants, etc.<\/p>\n\n\n\n<p>Els atletes en facilitaran la identificaci\u00f3 a l&#8217;Organitzaci\u00f3, en cas que aquesta ho requereixi.<\/p>\n\n\n\n<p>S&#8217;impedeix l&#8217;acc\u00e9s al circuit i prendre part a la prova, atletes sense dorsal que no hagin efectuat la inscripci\u00f3 reglament\u00e0ria.<\/p>\n\n\n\n<p>Els participants es consideren a si mateixos aptes, f\u00edsicament i siquicament, per prendre part a la competici\u00f3, i es fan totalment responsables de qualsevol dany que pugui patir la seva persona, fora de la gravetat que fos.<\/p>\n\n\n\n<p>L&#8217;Organitzaci\u00f3 declina tota responsabilitat pels danys morals, f\u00edsics i materials que puguin patir els<br>participants<\/p>\n\n\n\n<p><strong>DISPOSICIONS ESPECIALS<\/strong><\/p>\n\n\n\n<p>1a \u2013 Aquestes normes es fan p\u00fabliques amb car\u00e0cter provisional, l&#8217;Organitzaci\u00f3 es reserva el dret de poder<br>canviar-les, segons les necessitats i criteris, el que seria notificat als participants, pr\u00e8viament a l&#8217;inici de la competici\u00f3.<\/p>\n\n\n\n<p>2a &#8211; Si per qualsevol causa aliena a la voluntat de l&#8217;Organitzaci\u00f3, la prova no es pogu\u00e9s realitzar a la data programada, l&#8217;Organitzaci\u00f3 no far\u00e0 devoluci\u00f3 de l&#8217;import de la inscripci\u00f3 realitzada per l&#8217;atleta participant o persona autoritzada, ja que l&#8217;atleta seguir\u00e0 inscrit a la prova fins que aquesta es pugui desenvolupar en una altra nova i futura data, que ser\u00e0 comunicada oportunament a tots els atletes inscrits.<\/p>\n\n\n\n<p>3a &#8211; En cas que l&#8217;atleta inscrit no pogu\u00e9s prendre part a la prova per motius justificables (lesi\u00f3, malaltia, o impossibilitat d&#8217;estar f\u00edsicament aquest dia a Palma), l&#8217;Organitzaci\u00f3 no tornar\u00e0 l&#8217;import de la inscripci\u00f3 realitzada per a aquesta edici\u00f3 , sin\u00f3 que despr\u00e9s de pr\u00e8via justificaci\u00f3 escrita i acceptada per a lorganitzaci\u00f3, la seva inscripci\u00f3 passar\u00e0 a una propera edici\u00f3 de la prova.<\/p>\n","protected":false},"excerpt":{"rendered":"<p>Sortida : 9h Av. Adolfo Su\u00e1rez-Parc de la Mar de Palma de Mallorca davant la catedral Arribada : Parc de la Mar, en front a la Catedral. Recorregut: Tancat al [&hellip;]<\/p>\n","protected":false},"author":1,"featured_media":0,"parent":0,"menu_order":0,"comment_status":"closed","ping_status":"closed","template":"fullwidth.php","meta":{"_EventAllDay":false,"_EventTimezone":"","_EventStartDate":"","_EventEndDate":"","_EventStartDateUTC":"","_EventEndDateUTC":"","_EventShowMap":false,"_EventShowMapLink":false,"_EventURL":"","_EventCost":"","_EventCostDescription":"","_EventCurrencySymbol":"","_EventCurrencyCode":"","_EventCurrencyPosition":"","_EventDateTimeSeparator":"","_EventTimeRangeSeparator":"","_EventOrganizerID":[],"_EventVenueID":[],"_OrganizerEmail":"","_OrganizerPhone":"","_OrganizerWebsite":"","_VenueAddress":"","_VenueCity":"","_VenueCountry":"","_VenueProvince":"","_VenueState":"","_VenueZip":"","_VenuePhone":"","_VenueURL":"","_VenueStateProvince":"","_VenueLat":"","_VenueLng":"","_VenueShowMap":false,"_VenueShowMapLink":false,"footnotes":""},"class_list":["post-594","page","type-page","status-publish","hentry"],"_links":{"self":[{"href":"https:\/\/marathonmallorca.es\/index.php?rest_route=\/wp\/v2\/pages\/594","targetHints":{"allow":["GET"]}}],"collection":[{"href":"https:\/\/marathonmallorca.es\/index.php?rest_route=\/wp\/v2\/pages"}],"about":[{"href":"https:\/\/marathonmallorca.es\/index.php?rest_route=\/wp\/v2\/types\/page"}],"author":[{"embeddable":true,"href":"https:\/\/marathonmallorca.es\/index.php?rest_route=\/wp\/v2\/users\/1"}],"replies":[{"embeddable":true,"href":"https:\/\/marathonmallorca.es\/index.php?rest_route=%2Fwp%2Fv2%2Fcomments&post=594"}],"version-history":[{"count":15,"href":"https:\/\/marathonmallorca.es\/index.php?rest_route=\/wp\/v2\/pages\/594\/revisions"}],"predecessor-version":[{"id":976,"href":"https:\/\/marathonmallorca.es\/index.php?rest_route=\/wp\/v2\/pages\/594\/revisions\/976"}],"wp:attachment":[{"href":"https:\/\/marathonmallorca.es\/index.php?rest_route=%2Fwp%2Fv2%2Fmedia&parent=594"}],"curies":[{"name":"wp","href":"https:\/\/api.w.org\/{rel}","templated":true}]}}

<figure class="wp-block-image aligncenter size-medium"><img loading="lazy" decoding="async" width="240" height="300" src="https://marathonmallorca.es/wp-content/uploads/2025/06/Marathon-2-240x300.png" alt="" class="wp-image-971" srcset="https://marathonmallorca.es/wp-content/uploads/2025/06/Marathon-2-240x300.png 240w, https://marathonmallorca.es/wp-content/uploads/2025/06/Marathon-2-819x1024.png 819w, https://marathonmallorca.es/wp-content/uploads/2025/06/Marathon-2-768x960.png 768w, https://marathonmallorca.es/wp-content/uploads/2025/06/Marathon-2.png 1080w" sizes="auto, (max-width: 240px) 100vw, 240px" /></figure>



<p><strong>Sortida :</strong> 9h Av. Adolfo Suárez-Parc de la Mar de Palma de Mallorca davant la catedral</p>



<p><strong>Arribada :</strong> Parc de la Mar, en front a la Catedral. </p>



<p><strong>Recorregut</strong>: Tancat al trànsit pel Passeig Marítim, Passeig Sagrera, Autovia de Llevant (una sola volta).</p>



<p><strong>Avituallaments</strong>: Aigua a Kms. 4-7 i en arribada.</p>



<p><strong>Temps Límit</strong>: 1 hora 15 minuts, a partir d aquest temps, es tancarà el control.</p>



<p><strong>Edat mínima</strong>: 18 anys complerts el dia de la prova. Els atletes més grans de 16 anys que tinguin autorització paterna o tutelar, també podran prendre part de la competició.</p>



<p><strong>Guardarropa</strong>: En sortida i arribada, hi haurà servei guarda-roba que tingui cura de les pertinences dels atletes</p>



<p><strong>Control i resultats</strong>: Es realitzarà mitjançant el sistema ChampionsChip per “Elitechip”.</p>



<p><strong>Reclamacions</strong>: Es cursaran al director de la prova per escrit, dins dels 30 minuts posteriors de notificar-se els resultats.</p>



<p><strong>Classificacions</strong>: Hi haurà una sola classificació general absoluta i per categories, masculina i femenina, segons la normativa de la FAIB.</p>



<p><strong>Obsequis</strong>: En retirar el dorsal cada atleta rebrà una bossa amb regals i en entrar a meta rebran un obsequi commemoratiu de la cursa</p>



<p><strong>Metge Carrera</strong>: Hi haurà un Metge de Carrera, responsable dels serveis mèdics.</p>



<p>Tots els participants amb problemes físics, respiratoris, al·lèrgies, etc., que requereixin atencions especials, hauran de fer-la saber a l&#8217;Organització abans d&#8217;iniciar la competició, fent-ne referència al tramitar-la inscripció, i el dia de la competició faran constància escrita a la part posterior del dorsal, del problema mèdic específic.</p>



<p>Els atletes més grans de 40 anys han de disposar d&#8217;un certificat mèdic que n&#8217;acrediti l&#8217;aptitud física.</p>



<p><strong>Ambulàncies</strong>: Hi haurà un servei d&#8217;ambulàncies a la sortida i arribada i en diversos punts del recorregut.</p>



<p><strong>Assegurança Carrera</strong>: Els participants estan coberts per una pòlissa d&#8217;assegurances d&#8217;accidents i de responsabilitat civil, que cobrirà el tractament de les lesions que es produeixin els atletes, com a conseqüència directa del desenvolupament de la prova, i mai com a derivació d&#8217;un patiment o tara latent, imprudència, negligència, inobservança de les lleis i de les normes establertes per l&#8217;Organització, o pels danys produïts als desplaçaments al lloc on es desenvolupa la prova, o d&#8217;aquest a la residència dels atletes.</p>



<p><strong>Seguretat Carrera</strong>: Policia Local de Palma, Policia del Port de Palma i l&#8217;Organització, són els encarregats de la seguretat de la carrera, els atletes obeiran totes les indicacions que rebin de les persones encarregades de la seva seguretat.</p>



<p><strong>CONDICIONS GENERALS</strong></p>



<p>El fet d&#8217;inscriure&#8217;s i prendre part a la prova implica la total acceptació de les presents normes; així com altres disposicions que per qualsevol causa pogués prendre en el seu moment l&#8217;Organització.</p>



<p>L&#8217;Organització es reserva la facultat de desqualificar o expulsar de la competició els atletes; que falsifiquin<br>dades sobre la seva personalitat, no completin el recorregut, tinguin una actitud antiesportiva amb altres participants, etc.</p>



<p>Els atletes en facilitaran la identificació a l&#8217;Organització, en cas que aquesta ho requereixi.</p>



<p>S&#8217;impedeix l&#8217;accés al circuit i prendre part a la prova, atletes sense dorsal que no hagin efectuat la inscripció reglamentària.</p>



<p>Els participants es consideren a si mateixos aptes, físicament i siquicament, per prendre part a la competició, i es fan totalment responsables de qualsevol dany que pugui patir la seva persona, fora de la gravetat que fos.</p>



<p>L&#8217;Organització declina tota responsabilitat pels danys morals, físics i materials que puguin patir els<br>participants</p>



<p><strong>DISPOSICIONS ESPECIALS</strong></p>



<p>1a – Aquestes normes es fan públiques amb caràcter provisional, l&#8217;Organització es reserva el dret de poder<br>canviar-les, segons les necessitats i criteris, el que seria notificat als participants, prèviament a l&#8217;inici de la competició.</p>



<p>2a &#8211; Si per qualsevol causa aliena a la voluntat de l&#8217;Organització, la prova no es pogués realitzar a la data programada, l&#8217;Organització no farà devolució de l&#8217;import de la inscripció realitzada per l&#8217;atleta participant o persona autoritzada, ja que l&#8217;atleta seguirà inscrit a la prova fins que aquesta es pugui desenvolupar en una altra nova i futura data, que serà comunicada oportunament a tots els atletes inscrits.</p>



<p>3a &#8211; En cas que l&#8217;atleta inscrit no pogués prendre part a la prova per motius justificables (lesió, malaltia, o impossibilitat d&#8217;estar físicament aquest dia a Palma), l&#8217;Organització no tornarà l&#8217;import de la inscripció realitzada per a aquesta edició , sinó que després de prèvia justificació escrita i acceptada per a lorganització, la seva inscripció passarà a una propera edició de la prova.</p>

<p>Sortida : 9h Av. Adolfo Suárez-Parc de la Mar de Palma de Mallorca davant la catedral Arribada : Parc de la Mar, en front a la Catedral. Recorregut: Tancat al [&hellip;]</p>
