{"id":680,"date":"2022-11-14T08:18:03","date_gmt":"2022-11-14T08:18:03","guid":{"rendered":"https:\/\/marathonmallorca.es\/?page_id=680"},"modified":"2024-11-18T10:59:55","modified_gmt":"2024-11-18T10:59:55","slug":"inscripcions","status":"publish","type":"page","link":"https:\/\/marathonmallorca.es\/?page_id=680","title":{"rendered":"Inscripcions"},"content":{"rendered":"\n<p>Realitza la teva inscripci\u00f3 <a href=\"https:\/\/www.elitechip.net\/index.php?zwshow=compdet&amp;idcomp=7011704&amp;compsec=signup\">aqu\u00ed<\/a><\/p>\n\n\n\n<p>Data l\u00edmit 20\/03\/2025<\/p>\n\n\n\n<p>Baix cap concepte o pretexte es tornar\u00e0 l&#8217;import de la inscripci\u00f3 realitzada, sigui la causa que sigui (veure reglament de carrera)<\/p>\n\n\n\n<p><strong>PREUS<\/strong><\/p>\n\n\n\n<b>MITJA MARAT\u00d3<\/b>\n<table><tbody><tr><th>23.04.2024 &#8211; 31.07.2024<\/th><th>01.08.2024 &#8211; 3.10.2024<\/th><th>01.08.2024 &#8211; 31.10.2024<\/th><th>01.11.2024 &#8211; 31.12.2024<\/th><th>01.01.2025 &#8211; 29.02.2025<\/th><th>fora de pla\u00e7(*)<\/th><\/tr><tr align=\"center\"><td>18<\/td><td>20<\/td><td>22<\/td><td>25<\/td><td>28<\/td><td>33<\/td><\/tr><\/tbody><\/table>\n\n\n\n<br><b>10 KM<\/b>\n<table><tbody><tr><th>23.04.2024 &#8211; 31.07.2024<\/th><th>01.08.2024 &#8211; 3.10.2024<\/th><th>01.08.2024 &#8211; 31.10.2024<\/th><th>01.11.2024 &#8211; 31.12.2024<\/th><th>01.01.2025 &#8211; 29.02.2025<\/th><th>fora de pla\u00e7(*)<\/th><\/tr><tr align=\"center\"><td>12<\/td><td>14<\/td><td>16<\/td><td>18<\/td><td>20<\/td><td>24<\/td><\/tr><\/tbody><\/table>\n\n\n\n<p class=\"has-vivid-red-color has-text-color\"><strong>NOTA:&nbsp;TODOS LOS ATLETAS CON CHIP AMARILLO O PROPIO TIENEN UN&nbsp;DESCUENTO DE 2\u20ac EN EL PRECIO DE ESTA INSCRIPCI\u00d3N<\/strong><\/p>\n\n\n\n<p><strong>CHIP OBLIGATORIO<\/strong><strong>:<\/strong>&nbsp;<strong>\u201cNO CHIP = NO TIME\u201d<\/strong><\/p>\n\n\n\n<p>Compra chip propio = 20 Euros extra<\/p>\n\n\n\n<p>Chip Propio (Elite o yellow Championchip)<\/p>\n\n\n\n<p><strong>INSCRIPCIONS PER GRUPS:<\/strong>&nbsp;(= m\u00ednim 10 corredors).<\/p>\n\n\n\n<p>Se pueden realizar por e-mail a&nbsp;<a href=\"mailto:marathonmallorca@gmail.com\">marathonmallorca@gmail.com<\/a>&nbsp;&nbsp;&nbsp;solicitando un formulario de grupo<\/p>\n\n\n\n<p><strong>ENTREGA DE DORSALES:<\/strong><\/p>\n\n\n\n<p>Divendres d\u00eda 21\/03\/2025 de 16.00 &#8211; 20.00 h.\u00a0<\/p>\n\n\n\n<p>Dissabte d\u00eda 22\/03\/2025 de 11.00 &#8211; 20.00 h.\u00a0<\/p>\n\n\n\n<p>Centro Comercial EL \u201cCORTE INGLES\u201d \u2013 Av. Alejandro Rossell\u00f3, 12 \u2013 16 (8\u00aa planta \u00e1tico, junto Cafeter\u00eda EL CORTE INGLES) \u2013 Palma<\/p>\n\n\n\n<p><strong>CIERRE DE INSCRIPCI\u00d3N: 20\/03\/2025<\/strong><\/p>\n\n\n\n<p><strong>(*) INSCRIPCIONES FUERA PLAZO:<\/strong>&nbsp;SOLO SE ACCEPTAR\u00c1N SI LA ORGANIZACI\u00d3N TIENE DISPONIBILIDAD, EN EL DIA Y LUGAR DE LA ENTREGA DE DORSALES<\/p>\n","protected":false},"excerpt":{"rendered":"<p>Realitza la teva inscripci\u00f3 aqu\u00ed Data l\u00edmit 20\/03\/2025 Baix cap concepte o pretexte es tornar\u00e0 l&#8217;import de la inscripci\u00f3 realitzada, sigui la causa que sigui (veure reglament de carrera) PREUS [&hellip;]<\/p>\n","protected":false},"author":1,"featured_media":0,"parent":0,"menu_order":0,"comment_status":"closed","ping_status":"closed","template":"fullwidth.php","meta":{"_EventAllDay":false,"_EventTimezone":"","_EventStartDate":"","_EventEndDate":"","_EventStartDateUTC":"","_EventEndDateUTC":"","_EventShowMap":false,"_EventShowMapLink":false,"_EventURL":"","_EventCost":"","_EventCostDescription":"","_EventCurrencySymbol":"","_EventCurrencyCode":"","_EventCurrencyPosition":"","_EventDateTimeSeparator":"","_EventTimeRangeSeparator":"","_EventOrganizerID":[],"_EventVenueID":[],"_OrganizerEmail":"","_OrganizerPhone":"","_OrganizerWebsite":"","_VenueAddress":"","_VenueCity":"","_VenueCountry":"","_VenueProvince":"","_VenueState":"","_VenueZip":"","_VenuePhone":"","_VenueURL":"","_VenueStateProvince":"","_VenueLat":"","_VenueLng":"","_VenueShowMap":false,"_VenueShowMapLink":false,"footnotes":""},"class_list":["post-680","page","type-page","status-publish","hentry"],"_links":{"self":[{"href":"https:\/\/marathonmallorca.es\/index.php?rest_route=\/wp\/v2\/pages\/680","targetHints":{"allow":["GET"]}}],"collection":[{"href":"https:\/\/marathonmallorca.es\/index.php?rest_route=\/wp\/v2\/pages"}],"about":[{"href":"https:\/\/marathonmallorca.es\/index.php?rest_route=\/wp\/v2\/types\/page"}],"author":[{"embeddable":true,"href":"https:\/\/marathonmallorca.es\/index.php?rest_route=\/wp\/v2\/users\/1"}],"replies":[{"embeddable":true,"href":"https:\/\/marathonmallorca.es\/index.php?rest_route=%2Fwp%2Fv2%2Fcomments&post=680"}],"version-history":[{"count":12,"href":"https:\/\/marathonmallorca.es\/index.php?rest_route=\/wp\/v2\/pages\/680\/revisions"}],"predecessor-version":[{"id":893,"href":"https:\/\/marathonmallorca.es\/index.php?rest_route=\/wp\/v2\/pages\/680\/revisions\/893"}],"wp:attachment":[{"href":"https:\/\/marathonmallorca.es\/index.php?rest_route=%2Fwp%2Fv2%2Fmedia&parent=680"}],"curies":[{"name":"wp","href":"https:\/\/api.w.org\/{rel}","templated":true}]}}

<p>Realitza la teva inscripció <a href="https://www.elitechip.net/index.php?zwshow=compdet&amp;idcomp=7011704&amp;compsec=signup">aquí</a></p>



<p>Data límit 20/03/2025</p>



<p>Baix cap concepte o pretexte es tornarà l&#8217;import de la inscripció realitzada, sigui la causa que sigui (veure reglament de carrera)</p>



<p><strong>PREUS</strong></p>



<b>MITJA MARATÓ</b>
<table><tbody><tr><th>23.04.2024 &#8211; 31.07.2024</th><th>01.08.2024 &#8211; 3.10.2024</th><th>01.08.2024 &#8211; 31.10.2024</th><th>01.11.2024 &#8211; 31.12.2024</th><th>01.01.2025 &#8211; 29.02.2025</th><th>fora de plaç(*)</th></tr><tr align="center"><td>18</td><td>20</td><td>22</td><td>25</td><td>28</td><td>33</td></tr></tbody></table>



<br><b>10 KM</b>
<table><tbody><tr><th>23.04.2024 &#8211; 31.07.2024</th><th>01.08.2024 &#8211; 3.10.2024</th><th>01.08.2024 &#8211; 31.10.2024</th><th>01.11.2024 &#8211; 31.12.2024</th><th>01.01.2025 &#8211; 29.02.2025</th><th>fora de plaç(*)</th></tr><tr align="center"><td>12</td><td>14</td><td>16</td><td>18</td><td>20</td><td>24</td></tr></tbody></table>



<p class="has-vivid-red-color has-text-color"><strong>NOTA:&nbsp;TODOS LOS ATLETAS CON CHIP AMARILLO O PROPIO TIENEN UN&nbsp;DESCUENTO DE 2€ EN EL PRECIO DE ESTA INSCRIPCIÓN</strong></p>



<p><strong>CHIP OBLIGATORIO</strong><strong>:</strong>&nbsp;<strong>“NO CHIP = NO TIME”</strong></p>



<p>Compra chip propio = 20 Euros extra</p>



<p>Chip Propio (Elite o yellow Championchip)</p>



<p><strong>INSCRIPCIONS PER GRUPS:</strong>&nbsp;(= mínim 10 corredors).</p>



<p>Se pueden realizar por e-mail a&nbsp;<a href="mailto:marathonmallorca@gmail.com">marathonmallorca@gmail.com</a>&nbsp;&nbsp;&nbsp;solicitando un formulario de grupo</p>



<p><strong>ENTREGA DE DORSALES:</strong></p>



<p>Divendres día 21/03/2025 de 16.00 &#8211; 20.00 h. </p>



<p>Dissabte día 22/03/2025 de 11.00 &#8211; 20.00 h. </p>



<p>Centro Comercial EL “CORTE INGLES” – Av. Alejandro Rosselló, 12 – 16 (8ª planta ático, junto Cafetería EL CORTE INGLES) – Palma</p>



<p><strong>CIERRE DE INSCRIPCIÓN: 20/03/2025</strong></p>



<p><strong>(*) INSCRIPCIONES FUERA PLAZO:</strong>&nbsp;SOLO SE ACCEPTARÁN SI LA ORGANIZACIÓN TIENE DISPONIBILIDAD, EN EL DIA Y LUGAR DE LA ENTREGA DE DORSALES</p>

<p>Realitza la teva inscripció aquí Data límit 20/03/2025 Baix cap concepte o pretexte es tornarà l&#8217;import de la inscripció realitzada, sigui la causa que sigui (veure reglament de carrera) PREUS [&hellip;]</p>
