{"id":98,"date":"2019-10-08T10:52:22","date_gmt":"2019-10-08T10:52:22","guid":{"rendered":"https:\/\/marathonmallorca.es\/?page_id=98"},"modified":"2025-06-11T10:48:10","modified_gmt":"2025-06-11T10:48:10","slug":"reglamento","status":"publish","type":"page","link":"https:\/\/marathonmallorca.es\/?page_id=98&lang=es","title":{"rendered":"Reglamento Media Marat\u00f3n"},"content":{"rendered":"\n<figure class=\"wp-block-image aligncenter size-medium\"><img loading=\"lazy\" decoding=\"async\" width=\"240\" height=\"300\" src=\"https:\/\/marathonmallorca.es\/wp-content\/uploads\/2025\/06\/Cartell-mitja-palma-26-240x300.png\" alt=\"\" class=\"wp-image-944\" srcset=\"https:\/\/marathonmallorca.es\/wp-content\/uploads\/2025\/06\/Cartell-mitja-palma-26-240x300.png 240w, https:\/\/marathonmallorca.es\/wp-content\/uploads\/2025\/06\/Cartell-mitja-palma-26-819x1024.png 819w, https:\/\/marathonmallorca.es\/wp-content\/uploads\/2025\/06\/Cartell-mitja-palma-26-768x960.png 768w, https:\/\/marathonmallorca.es\/wp-content\/uploads\/2025\/06\/Cartell-mitja-palma-26.png 960w\" sizes=\"auto, (max-width: 240px) 100vw, 240px\" \/><\/figure>\n\n\n\n<p><strong>Salida :<\/strong> 10h Av. Adolfo Su\u00e1rez-Parc de la Mar de Palma de Mallorca davant la catedral.<\/p>\n\n\n\n<p><strong>Llegada :<\/strong> Parc de la Mar, frente a la Catedral, junto al mural de Joan Mir\u00f3.<\/p>\n\n\n\n<p><strong>Recorrido: <\/strong>Cerrado al tr\u00e1fico por el Paseo Mar\u00edtimo, Paseo Sagrera, Autov\u00eda de Llevant y centro de Palma.<\/p>\n\n\n\n<p><strong>Avituallamientos:<\/strong> Agua en Kms. 5 &#8211; 1O &#8211; 15 y en llegada.<\/p>\n\n\n\n<p><strong>Tiempo l\u00edmite:<\/strong> A las 2-30 horas del inicio de la competici\u00f3n se cerrar\u00e1 el control.<\/p>\n\n\n\n<p><strong>Edad m\u00ednima:<\/strong> 18 a\u00f1os cumplidos el d\u00eda de la prueba y hasta 69 a\u00f1os como m\u00e1ximo.<br>(En los 10 Kms habr\u00e1 categor\u00edas para M \u2013 W 70)<\/p>\n\n\n\n<p><strong>Guardarropa:<\/strong> En salida y llegada, habr\u00e1 servicio guardarropa que cuide las pertenencias de los atletas.<\/p>\n\n\n\n<p><strong>Control y resultados:<\/strong> Se realizar\u00e1 mediante sistema ChampionsChip por \u00abELlTECHIP\u00bb.<\/p>\n\n\n\n<p><strong>Reclamaciones:<\/strong> Se cursar\u00e1n al director de la prueba por escrito, dentro de los 30 minutos posteriores de notificarse los resul-tados, previo dep\u00f3sito de 50,- euros.<\/p>\n\n\n\n<p><B>Categor\u00edas:<\/B><\/p>\n<table>\n  <tr><td>Masculino<\/td><td>Femenino<\/td><\/tr>\n<tr><td>Absoluta M: 3 primeros de la general<\/td><td>Absoluta F:3 primeras de la general<\/td><\/tr>\n<tr><td>J\u00fanior: 18-19 a\u00f1os<\/td><td>J\u00fanior: 18-19 a\u00f1os<\/td><\/tr>\n<tr><td>Promesa: 20-22 a\u00f1os<\/td><td>Promesa: 20-22 a\u00f1os<\/td><\/tr>\n<tr><td>Senior: 23-34 a\u00f1os<\/td><td>Senior: 23-34 a\u00f1os<\/td><\/tr>\n<tr><td>Veteranos \u00abA\u00bb: 35-39 a\u00f1os<\/td><td>Veteranas \u00abA\u00bb: 35-39 a\u00f1os<\/td><\/tr>\n<tr><td>Veteranos \u00abB\u00bb: 40-44 a\u00f1os<\/td><td>Veteranas \u00abB\u00bb: 40-44 a\u00f1os<\/td><\/tr>\n<tr><td>Veteranos \u00abC\u00bb: 45-49 a\u00f1os<\/td><td>Veteranas \u00abC\u00bb: 45-49 a\u00f1os<\/td><\/tr>\n<tr><td>Veteranos \u00abD\u00bb: 50-54 a\u00f1os<\/td><td>Veteranas \u00abD\u00bb: 50-54 a\u00f1os<\/td><\/tr>\n<tr><td>Veteranos \u00abE\u00bb: 55-59 a\u00f1os<\/td><td>Veteranas \u00abE\u00bb: 55-59 a\u00f1os<\/td><\/tr>\n<tr><td>Veteranos \u00abF\u00bb: 60-64 a\u00f1os<\/td><td>Veteranas \u00abF\u00bb: 60-64 a\u00f1os<\/td><\/tr>\n<tr><td>Veteranos \u00abG\u00bb: 65-69 a\u00f1os<\/td><td>Veteranas \u00abG\u00bb: 65-69 a\u00f1os<\/td><\/tr>\n<\/table>\n<p><B>NOTA:<\/B>NO SE ADMITIR\u00c1N INSCRIPCIONES EN ESTA MEDIA MARAT\u00d3N DE PERSONAS COM M\u00c1S DE 70 A\u00d1OS DE EDAD, POR LA PROPIA SEGURIDAD Y SALUD DEL PARTICIPANTE<\/p>\n\n\n\n<p><strong>Obsequios:<\/strong> Al retirar su dorsal cada atleta recibir\u00e1 una bolsa de regalos y al entrar en meta recibir\u00e1n un obsequio conmemorativo de la carrera.<\/p>\n\n\n\n<p><strong>M\u00e9dico Carrera: <\/strong>Habr\u00e1 un M\u00e9dico de Carrera, responsable de los servicios m\u00e9dicos.<\/p>\n\n\n\n<p>Todos los participantes con problemas f\u00edsicos, respiratorios, alergias, etc., que requieran atenciones especiales, deber\u00e1n hacerlo saber a la Organizaci\u00f3n antes de iniciar la competici\u00f3n, haciendo referencia de su problema al tramitar la inscripci\u00f3n, y el d\u00eda de la competici\u00f3n har\u00e1n constancia escrita en la parte posterior de su dorsal, del problema m\u00e9dico espec\u00edfico.<br>Se recomienda a los atletas mayores de 40 a\u00f1os, que por su seguridad y bajo su responsabilidad, dispongan de una revisi\u00f3n y certificado m\u00e9dico que acredite su aptitud f\u00edsica.<\/p>\n\n\n\n<p> <strong>Ambulancias: <\/strong>Habr\u00e1 un servicio de ambulancias en la salida y llegada y en varios puntos del recorrido. <\/p>\n\n\n\n<p> <strong>Seguro Carrera: <\/strong>Los participantes est\u00e1n cubiertos por una P\u00f3liza de Seguros de Accidentes y de Responsabilidad Civil, que cubrir\u00e1 el tratamiento de las lesiones que se produzcan los atletas, como consecuencia directa del desarrollo de la prueba, y nunca como derivaci\u00f3n de un padecimiento o tara latente, imprudencia, negligencia, inobservancia de las leyes y de las normas establecidas por la Organizaci\u00f3n, o por los da\u00f1os producidos en los desplazamientos al lugar donde se desarrolla la prueba, o de \u00e9ste a la residencia de los atletas. <\/p>\n\n\n\n<p><strong>Seguridad Carrera: <\/strong>Polic\u00eda Local de Palma, Polic\u00eda del Port de Palma y la Organizaci\u00f3n, son los encargados de la seguridad de carrera, los atletas obedecer\u00e1n cuantas indicaciones reciban de las personas encargadas de su seguridad. <\/p>\n\n\n\n<p><strong>ENTREGA DE DORSALES:<\/strong><\/p>\n\n\n\n<p>Jueves: 19 marzo de 16.00 a 20.00 h.<br>Viernes: 20 marzo de 10.00 a 20.00 h.<br>S\u00e1bado: 21 marzo de 10.00 a 20.00 h.<br>En el Centro Comercial EL CORTE INGL\u00c9S (Secci\u00f3n Deportes), Avda. Alejandro Rossell\u00f3, 12-16, 7.a planta de Palma<\/p>\n\n\n\n<p><strong>TROFEOS \u201cAJUNTAMENT DE PALMA\u201d<\/strong><br>3 primeros atletas absolutos masculinos<br>3 primeras atletas absolutas femeninas<br>3 trofeos a los ganadores de cada categor\u00eda<\/p>\n\n\n\n<p><strong>PREMIOS MATERIAL DEPORTIVO O EN AYUDAS DE VIAJE GANADORES<br>GENERAL ABSOLUTA MASCULINO Y FEMENINA<\/strong><br>1\u20442 MARAT\u00d3N 10 KMS<br>1.- 900,- EUROS 1.-300,- EUROS<br>2.- 700,- EUROS 2.-250,- EUROS<br>3.- 500,- EUROS 3.-200,- EUROS<br>4.- 400,- EUROS<br>5.- 300,- EUROS<br><\/p>\n\n\n\n<p><strong>NOTA:<\/strong> Para poder optar a estos premios econ\u00f3micos, se tendr\u00e1n que realizar marcas inferiores en la prueba de de 1\u20442<br>marat\u00f3n de1 h. 10 minutos en categor\u00eda absoluta masculina y de 1 h. 18 minutos en categor\u00eda absoluta femenina.<br>En la prueba de 10 kms las marcas deber\u00e1n ser inferiores a 30 minutos 30 segundos en categor\u00eda masculina y de 33 minutos y 30 segundos en categor\u00eda femenina.<\/p>\n\n\n\n<p><strong>CONDICIONES GENERALES<\/strong><\/p>\n\n\n\n<p>El hecho de inscribirse y tomar parte en la prueba, implica la total aceptaci\u00f3n de las presentes normas, as\u00ed como de otras disposiciones que por cualquier causa pudiera tomar en su momento la Organizaci\u00f3n.<br>La Organizaci\u00f3n se reserva la facultad de descalificar o expulsar de la competici\u00f3n a los atletas, que falsifiquen datos sobre su personalidad, no completen el recorrido, tengan una actitud antideportiva con otros participantes, etc.<br>Los atletas facilitar\u00e1n su identificaci\u00f3n a la Organizaci\u00f3n, en caso de que \u00e9sta se lo requiera.<\/p>\n\n\n\n<p>Se impedir\u00e1 el acceso al circuito y tomar parte en la prueba, atletas sin dorsal que no hayan efectuado su inscripci\u00f3n reglamentaria.<\/p>\n\n\n\n<p>Los participantes se consideran a s\u00ed mismos aptos, f\u00edsica y s\u00edquicamente, para tomar parte en la competici\u00f3n, y se hacen totalmente responsables de cualquier da\u00f1o que pueda sufrir su persona, fuera de la gravedad que fuere.<br>La Organizaci\u00f3n declina toda responsabilidad por los da\u00f1os morales, f\u00edsicos y materiales que puedan sufrir los participantes.<\/p>\n\n\n\n<p><strong>DISPOSICIONES\nESPECIALES<\/strong><strong><\/strong><\/p>\n\n\n\n<p>1.a &#8211; Estas normas se hacen p\u00fablicas con car\u00e1cter provisional, la Organizaci\u00f3n se reserva el derecho de poder cambiarlas,<br>seg\u00fan sus necesidades y criterios, lo que ser\u00eda notificado a los participantes, previamente al inicio de la competici\u00f3n.<br>2.a Si por cualquier causa ajena a la voluntad de la Organizaci\u00f3n: pandemias, actos terroristas, cat\u00e1strofes naturales, autorizaci\u00f3n gubernativa, etc., la prueba no se pudiera realizar en la fecha programada, la Organizaci\u00f3n no har\u00e1 devoluci\u00f3n del importe de la inscripci\u00f3n realizada por el atleta participante o persona autorizada, ya que el atleta seguir\u00e1 inscrito en la prueba hasta que esta se pueda desarrollar en otra nueva y futura fecha, que ser\u00e1 comunicada oportunamente a todos los atletas inscritos.<br>3.a En caso de que el atleta inscrito no pudiese tomar parte en la prueba por motivos justificables (lesi\u00f3n, enfermedad, o imposibilidad de estar f\u00edsicamente este d\u00eda en Palma), la Organizaci\u00f3n no devolver\u00e1 el importe de la inscripci\u00f3n realizada para esta edici\u00f3n, tras previa justificaci\u00f3n escrita y aceptada por la Organizaci\u00f3n, su inscripci\u00f3n pasar\u00e1 a una pr\u00f3xima edici\u00f3n de la prueba.<br>4.a Si los atletas participantes desean cancelar definitivamente su inscripci\u00f3n en la prueba, sea por la raz\u00f3n que fuere, solo se les devolver\u00e1 el 75% del importe de la inscripci\u00f3n, el 25% restante quedar\u00e1 en poder de la organizaci\u00f3n para sufragar los gastos de gesti\u00f3n que la inscripci\u00f3n del atleta haya ocasionado u ocasione a la organizaci\u00f3n, y el participante deber\u00e1 hacer esta reclamaci\u00f3n por escrito haciendo expresa esta conformidad.<br>5.a Si por cuestiones de Emergencia Sanitaria en la Comunitat Aut\u00f2noma de les Illes Balears, en la fecha indicada para lacelebraci\u00f3n de la prueba, esta no se pudiese organizar, la organizaci\u00f3n comunicar\u00e1 lo antes posible: v\u00eda e-mail, wasaps, webs,etc., a todos los participantes inscritos la nueva fecha prevista para la celebraci\u00f3n de la competici\u00f3n.<\/p>\n\n\n\n<p><\/p>\n\n\n\n<p><\/p>\n","protected":false},"excerpt":{"rendered":"<p>Salida : 10h Av. Adolfo Su\u00e1rez-Parc de la Mar de Palma de Mallorca davant la catedral. Llegada : Parc de la Mar, frente a la Catedral, junto al mural de [&hellip;]<\/p>\n","protected":false},"author":1,"featured_media":0,"parent":0,"menu_order":0,"comment_status":"closed","ping_status":"closed","template":"fullwidth.php","meta":{"_EventAllDay":false,"_EventTimezone":"","_EventStartDate":"","_EventEndDate":"","_EventStartDateUTC":"","_EventEndDateUTC":"","_EventShowMap":false,"_EventShowMapLink":false,"_EventURL":"","_EventCost":"","_EventCostDescription":"","_EventCurrencySymbol":"","_EventCurrencyCode":"","_EventCurrencyPosition":"","_EventDateTimeSeparator":"","_EventTimeRangeSeparator":"","_EventOrganizerID":[],"_EventVenueID":[],"_OrganizerEmail":"","_OrganizerPhone":"","_OrganizerWebsite":"","_VenueAddress":"","_VenueCity":"","_VenueCountry":"","_VenueProvince":"","_VenueState":"","_VenueZip":"","_VenuePhone":"","_VenueURL":"","_VenueStateProvince":"","_VenueLat":"","_VenueLng":"","_VenueShowMap":false,"_VenueShowMapLink":false,"footnotes":""},"class_list":["post-98","page","type-page","status-publish","hentry"],"_links":{"self":[{"href":"https:\/\/marathonmallorca.es\/index.php?rest_route=\/wp\/v2\/pages\/98","targetHints":{"allow":["GET"]}}],"collection":[{"href":"https:\/\/marathonmallorca.es\/index.php?rest_route=\/wp\/v2\/pages"}],"about":[{"href":"https:\/\/marathonmallorca.es\/index.php?rest_route=\/wp\/v2\/types\/page"}],"author":[{"embeddable":true,"href":"https:\/\/marathonmallorca.es\/index.php?rest_route=\/wp\/v2\/users\/1"}],"replies":[{"embeddable":true,"href":"https:\/\/marathonmallorca.es\/index.php?rest_route=%2Fwp%2Fv2%2Fcomments&post=98"}],"version-history":[{"count":28,"href":"https:\/\/marathonmallorca.es\/index.php?rest_route=\/wp\/v2\/pages\/98\/revisions"}],"predecessor-version":[{"id":964,"href":"https:\/\/marathonmallorca.es\/index.php?rest_route=\/wp\/v2\/pages\/98\/revisions\/964"}],"wp:attachment":[{"href":"https:\/\/marathonmallorca.es\/index.php?rest_route=%2Fwp%2Fv2%2Fmedia&parent=98"}],"curies":[{"name":"wp","href":"https:\/\/api.w.org\/{rel}","templated":true}]}}